
What is the highest common factor of 28060 and 2135?
305
Calculate the greatest common divisor of 56 and 607516.
28
Calculate the greatest common factor of 220 and 327580.
220
Calculate the greatest common factor of 1025 and 289525.
25
Calculate the highest common factor of 1239 and 112.
7
Calculate the highest common divisor of 464410 and 160.
10
What is the greatest common factor of 265 and 581781?
53
What is the greatest common divisor of 8644 and 8?
4
Calculate the greatest common divisor of 3672 and 1269.
27
What is the highest common factor of 2430 and 54?
54
Calculate the highest common divisor of 70 and 2300564.
14
Calculate the greatest common factor of 15463 and 238.
7
What is the highest common divisor of 50954 and 90082?
146
What is the greatest common divisor of 46330 and 24846?
82
Calculate the highest common divisor of 542 and 190513.
271
Calculate the greatest common divisor of 114 and 86374.
38
What is the greatest common factor of 12 and 2919948?
12
What is the highest common factor of 720 and 45040?
80
Calculate the greatest common divisor of 1261 and 1313.
13
Calculate the greatest common factor of 15 and 111555.
15
Calculate the greatest common factor of 270541 and 58.
29
What is the highest common factor of 47720 and 160?
40
Calculate the highest common divisor of 735349 and 17833.
1049
What is the greatest common divisor of 15 and 148218?
3
What is the highest common factor of 144 and 37368?
72
Calculate the greatest common divisor of 92810 and 40.
10
What is the greatest common divisor of 268736 and 3094?
442
What is the highest common divisor of 1016 and 259334?
254
Calculate the greatest common divisor of 8570 and 20.
10
What is the greatest common divisor of 64 and 69232?
16
What is the greatest common factor of 770 and 12815?
55
What is the greatest common divisor of 4292 and 2900?
116
Calculate the greatest common divisor of 50 and 1247475.
25
What is the highest common factor of 3665 and 35?
5
What is the greatest common factor of 1497600 and 6084?
468
Calculate the highest common factor of 33517 and 726.
121
Calculate the greatest common factor of 44718 and 725.
29
What is the highest common divisor of 32 and 2701904?
16
Calculate the greatest common divisor of 138 and 7107.
69
What is the highest common factor of 35168 and 336?
112
What is the greatest common factor of 1194930 and 213?
213
Calculate the highest common factor of 35 and 3526670.
35
Calculate the highest common factor of 4250 and 109225.
425
Calculate the greatest common divisor of 1220 and 273890.
610
What is the greatest common factor of 11 and 173969?
1
Calculate the greatest common factor of 416 and 130416.
208
Calculate the greatest common factor of 8733 and 355.
71
What is the greatest common divisor of 8 and 141844?
4
Calculate the highest common divisor of 2777 and 11.
1
Calculate the greatest common factor of 70 and 15832.
2
What is the highest common factor of 120 and 610920?
120
Calculate the highest common divisor of 245 and 50029.
49
Calculate the greatest common divisor of 402 and 3082.
134
Calculate the greatest common factor of 72850 and 188.
94
Calculate the greatest common divisor of 571817 and 53.
53
Calculate the highest common factor of 147504 and 672.
336
Calculate the highest common divisor of 2128 and 22040.
152
Calculate the highest common factor of 125019 and 2610.
261
Calculate the greatest common divisor of 2506 and 7339.
179
What is the highest common factor of 126 and 2331?
63
Calculate the highest common factor of 55071 and 263961.
1899
Calculate the highest common divisor of 66317 and 442.
17
Calculate the greatest common factor of 546515 and 15.
5
What is the greatest common factor of 228034 and 2486?
226
What is the greatest common divisor of 344785 and 35?
35
Calculate the highest common divisor of 55 and 421399.
11
What is the highest common divisor of 31254 and 6?
6
What is the greatest common divisor of 27 and 2958525?
27
What is the greatest common divisor of 8469600 and 8?
8
What is the highest common divisor of 4638612 and 132?
132
What is the greatest common factor of 2698262 and 2590?
518
Calculate the greatest common factor of 181750 and 875.
125
What is the greatest common divisor of 7 and 686329?
7
Calculate the greatest common divisor of 429598 and 4433.
403
What is the highest common factor of 494 and 6110?
26
What is the greatest common factor of 1215 and 36693?
243
What is the greatest common factor of 782705 and 2185?
95
Calculate the highest common factor of 1705 and 2959.
11
What is the greatest common divisor of 29 and 107590?
29
Calculate the highest common factor of 180 and 9640.
20
Calculate the greatest common divisor of 273032 and 8.
8
Calculate the highest common divisor of 1699308 and 132.
12
What is the greatest common divisor of 3082 and 23644?
46
Calculate the highest common factor of 849343 and 11.
11
What is the greatest common factor of 24102 and 36?
18
What is the highest common factor of 1320959 and 158?
79
Calculate the highest common factor of 40014 and 57.
57
Calculate the greatest common divisor of 30246 and 18.
6
What is the greatest common factor of 2675 and 3200?
25
Calculate the highest common divisor of 26 and 313248.
26
What is the highest common divisor of 19845 and 1911?
147
Calculate the greatest common divisor of 5687 and 3839.
11
Calculate the highest common divisor of 540 and 10485.
45
What is the greatest common divisor of 16510 and 1040?
130
What is the greatest common divisor of 8 and 122480?
8
Calculate the highest common factor of 4427604 and 18.
18
What is the highest common factor of 260 and 35620?
260
What is the greatest common factor of 40188 and 8466?
102
Calculate the highest common divisor of 500 and 179150.
50
Calculate the highest common divisor of 98 and 368998.
14
Calculate the highest common divisor of 9477 and 832.
13
Calculate the highest common factor of 315 and 2632.
7
Calculate the greatest common divisor of 914405 and 199.
199
Calculate the highest common factor of 32773 and 1651.
13
What is the highest common factor of 705 and 1710?
15
Calculate the highest common divisor of 1719 and 16808.
191
Calculate the greatest common divisor of 312 and 1939704.
312
What is the greatest common divisor of 1925 and 10514?
7
What is the highest common factor of 1440 and 355?
5
What is the highest common factor of 15 and 3849?
3
What is the greatest common divisor of 3528 and 674604?
252
What is the greatest common divisor of 879552 and 270?
54
Calculate the highest common factor of 9207 and 744.
93
What is the highest common factor of 2880766 and 894?
298
What is the greatest common factor of 1537 and 1073?
29
What is the highest common divisor of 280230 and 270?
30
What is the greatest common divisor of 483575 and 5887?
841
What is the greatest common factor of 10564 and 1344?
4
Calculate the highest common divisor of 399 and 37240.
133
Calculate the highest common divisor of 91823 and 5.
1
Calculate the highest common factor of 3321 and 161171.
41
What is the highest common factor of 13 and 131066?
13
Calculate the greatest common divisor of 19135 and 78905.
215
What is the greatest common divisor of 99 and 23481?
9
Calculate the highest common factor of 7105 and 47705.
1015
Calculate the greatest common factor of 11533 and 304.
19
What is the highest common factor of 2605 and 7985?
5
Calculate the greatest common factor of 634 and 841318.
634
What is the highest common divisor of 273245 and 74?
37
Calculate the greatest common divisor of 1636 and 7.
1
What is the greatest common divisor of 18513 and 97647?
363
What is the greatest common divisor of 9230 and 455?
65
What is the greatest common divisor of 73392 and 528?
528
What is the highest common divisor of 5923317 and 213?
213
What is the highest common factor of 2688665 and 35?
35
What is the greatest common factor of 120 and 43740?
60
What is the greatest common factor of 50 and 136130?
10
Calculate the greatest common divisor of 76356 and 2020.
404
What is the greatest common divisor of 320 and 169504?
32
Calculate the highest common divisor of 24288 and 16808.
88
Calculate the greatest common divisor of 5859 and 1050063.
651
Calculate the greatest common factor of 15100 and 13892.
604
Cal